 divided by q?
8
Suppose 9 = 4*u - 3. Suppose 0*z - u*z = -84. Suppose -4*q - 5*v + 30 = 0, -5*q + q = -4*v - 48. What is the remainder when z is divided by q?
8
Calculate the remainder when (4/8)/(4/104) is divided by (-4)/(-14) - 108/(-14).
5
Let w = -36 - -47. What is the remainder when 20 is divided by w?
9
Suppose 0 = 2*c + 2*r - 0 - 2, -4*c - 3*r + 8 = 0. Let y(b) = -b**2 + 6*b. Let x be y(c). What is the remainder when 7 is divided by ((-4)/x)/((-6)/15)?
1
Suppose l + l - 8 = 0. Suppose 75 = l*j + j. What is the remainder when j is divided by 6?
3
Let m(v) = 8*v**2 + 5*v - 5. Calculate the remainder when 20 is divided by m(1).
4
Let c be -2 - 2 - 4/(-2). Calculate the remainder when ((-11)/(-2))/(c/(-4)) is divided by 6.
5
Suppose k - 6*k + 50 = 0. Suppose 12 = -9*d + 11*d. What is the remainder when k is divided by d?
4
Suppose 0 = 5*s - 2*v - 316, 2*v = -2*s - 3*v + 138. What is the remainder when s is divided by 14?
8
Suppose 19 = -0*t + 2*t + j, -2*j = t - 17. Suppose -4*r = 5*f - 5 + 24, -1 = -f + 4*r. Calculate the remainder when ((-26)/f)/(8/12) is divided by t.
6
Let m(v) be the third derivative of v**5/60 + v**4/8 - v**3/3 + v**2. Let o be m(-5). Calculate the remainder when 6 is divided by 28/o + (-1)/(-2).
2
Let g = 16 + -8. What is the remainder when 13 is divided by g?
5
Suppose 61 = -5*o + 1. Let s = 18 + -11. What is the remainder when s is divided by 2/12 - 46/o?
3
Suppose 3*v - 41 = 28. Suppose -4*p - v = -u - p, -4*p - 60 = -5*u. Calculate the remainder when u is divided by 3.
2
Let z(g) = 2*g + 3. Let p be z(0). Calculate the remainder when 69/(4 + -1)*1 is divided by (1/(-2))/(p/(-36)).
5
Suppose 0*l = 5*s + 3*l - 31, -3*s - 3*l + 21 = 0. Suppose 0 = -0*k - s*k + 30. Calculate the remainder when 10 is divided by k.
4
Let l = -96 - -150. Calculate the remainder when l is divided by 14.
12
Suppose 0 = -v - 2*v - 3*f + 81, 5*v + 2*f = 123. Let l = v + -19. What is the remainder when -1 + 0 + (-14)/(-2) is divided by l?
2
Let k(c) = -2*c**2 - 15*c + 5. Let q(p) = p**2 + p - 1. Let m(w) = k(w) + 4*q(w). Calculate the remainder when m(8) is divided by 14.
13
Suppose 0 = f + 2*f - 54. Let m = f - 11. Let j(y) = y**3 - 4*y**2 - y + 8. What is the remainder when m is divided by j(4)?
3
Let c = 84 - 53. What is the remainder when 90 is divided by c?
28
Let i(d) = -d**3 + 6*d**2 + d - 1. What is the remainder when i(6) is divided by -2 + 7 + 2*-1?
2
Let s(b) = 7*b**2 + 8*b + 9. Let m be s(-5). What is the remainder when (-20)/6*m/(-20) is divided by 13?
11
Suppose -8*k = -4*k - 68. What is the remainder when 64 is divided by k?
13
Let p(t) = t**2 - 8*t + 5. Let w be p(6). Let x = w + 13. Calculate the remainder when x is divided by 4.
2
Let f = 79 - 56. Let c = f + 12. What is the remainder when c is divided by 19?
16
Let h(k) = -7*k**2 + 0*k**3 - 4 + k**3 + 12 + 7*k. Calculate the remainder when h(6) is divided by 1/((-3)/60*-4).
4
Let v(x) = 11*x**2 - 2*x - 1. Calculate the remainder when v(-1) is divided by (84/24)/(2/4).
5
What is the remainder when -1 - -14 - 6/3 is divided by 0 + 6 + -6 + 5?
1
Suppose 2*d + 2*d - 84 = 0. Calculate the remainder when 60 is divided by d.
18
What is the remainder when 39 is divided by 4/6*-3 + 12?
9
Let n be (-3 - -7 - 3)*3. Suppose -n*b + 0*b = -9. Suppose -5*g + 5*f - 3*f = -57, b*g - 35 = 2*f. What is the remainder when g is divided by 6?
5
Let h = 359 + -151. Calculate the remainder when h is divided by 35.
33
Suppose -6*d = -d - 5*c - 125, 5*c + 20 = 0. What is the remainder when 81 is divided by d?
18
Let k(m) = -3*m + 1. Calculate the remainder when 17 is divided by k(-3).
7
Let u = -1 - 2. Let d = 6 + u. What is the remainder when 22 is divided by d/(-3)*-1 + 7?
6
Let k be 2/3 - (-15)/(-9). Let t(j) = 2*j + j**2 - 2*j**2 + 3*j**2 - 6*j**3 + 1. Calculate the remainder when t(k) is divided by 4.
3
Suppose 0 = -4*x - 68 + 312. Let y be (-6)/(1/(57/(-6))). Let d = y + -36. Calculate the remainder when x is divided by d.
19
Suppose 4*d + 195 = -5*c + d, 4*d + 195 = -5*c. Let m = -20 - c. What is the remainder when (-3 + 0 - -38) + 2 is divided by m?
18
Suppose 2*v - 6*v - 12 = m, -3*v - 24 = -3*m. Suppose -5*g - 3*b + 0 = -12, 9 = m*g + 3*b. What is the remainder when g is divided by 3?
0
Let g be 13 + -1 - 0/2. Suppose g + 0 = 3*n. Let h = 41 + -26. Calculate the remainder when h is divided by n.
3
Suppose -m + 73 - 12 = 2*d, 4*d - 2*m - 118 = 0. What is the remainder when d is divided by 8?
6
Let y = -31 + 15. Let t = y - -29. Suppose p - 3*p + 10 = 0. What is the remainder when t is divided by p?
3
Let j = -31 - -58. Calculate the remainder when j is divided by 10.
7
Let y = -11 - -21. Let t = y - 1. What is the remainder when 25 is divided by t?
7
Let y be 4/(-14) + (-6)/(-21). Let g be y + (4/2 - 0). Suppose -37 = -3*l - 2*w, -20 = 5*l + g*w - 83. What is the remainder when l is divided by 7?
6
Let v(m) = -10*m**2 - m. Let u be v(-1). Let q = 28 + u. Suppose 16 = x - 0*s + 5*s, s = -x + 32. Calculate the remainder when x is divided by q.
17
Let z = 187 - 131. Let o = 717 + -698. What is the remainder when z is divided by o?
18
Suppose 14 = 2*g + 4*c, 4*g + c - 4*c - 6 = 0. Let p = 0 + g. Calculate the remainder when 4 is divided by p.
1
Let u(y) = 13*y**2 - 2*y - 1. Suppose -n - 3*n = 0. Suppose 65 = 5*v - 3*z - 2*z, v + 2*z + 2 = n. Calculate the remainder when u(-1) is divided by v.
6
Suppose 1 - 4 = 3*x + 3*m, -4*x = -2*m - 26. What is the remainder when 11 is divided by x?
3
Suppose b + 3*b - 20 = -r, 3*b = 2*r - 7. What is the remainder when 28 is divided by r?
4
Let w be ((-14)/(-4) - 1)*58. Suppose 10 = -2*b + 7*b. Suppose 5*u - 5*v = -0*v + w, b*u + 4*v = 40. Calculate the remainder when u is divided by 9.
8
Suppose -2*f = -130 + 46. Let i be 2/1 - f/3. Let x = -7 - i. What is the remainder when x is divided by 3?
2
Suppose -66 = -3*k - 15. Calculate the remainder when 63 is divided by k.
12
Let n(w) = -w**3 + 6*w**2 + 2. Let g be n(6). Suppose -g*d = d - 42. What is the remainder when 40 is divided by d?
12
Let z = 4 + 3. Let t(o) = o**2 + 2*o - 1. Calculate the remainder when z is divided by t(1).
1
Suppose 3*u - 26 - 22 = 0. Calculate the remainder when 46 is divided by u.
14
Let v = -2 - -12. Let h be v/(-8) + (-2)/(-8). Calculate the remainder when 43 is divided by h/(-2)*-2*-15.
13
Let v = -12 + 23. What is the remainder when v is divided by 4?
3
Let y = -8 + 13. Suppose 0 = -y*z + 5*o + 35, 2 = z + 4*o + 5. Calculate the remainder when 14 is divided by z.
4
Suppose 4*d = -0*d + 124. Let p(k) be the first derivative of 17*k**3/3 - k**2 + k + 1. Calculate the remainder when d is divided by p(1).
15
Let h = -10 - -19. Calculate the remainder when 12 is divided by h.
3
Let r(a) = -a**2 + 13*a + 19. Let y be r(14). Suppose y*h = 23 + 27. What is the remainder when h is divided by 6?
4
Suppose -4*y - 3*z = z - 64, 0 = -2*z + 2. What is the remainder when y is divided by 7?
1
Suppose -2*s + n + 99 = 0, 2*s = -4*n - 3 + 77. Calculate the remainder when s is divided by 7.
5
Let l = -7 - -15. Calculate the remainder when 1 + 22/1 + 0 is divided by l.
7
Suppose 2*p + 2 = -2*u, 2*u + 5*p = -8 - 9. Suppose -3*t = -u*t + 62. What is the remainder when t is divided by 21?
20
Suppose 0 = 3*a + 15, -5*n + 4*n + 18 = -2*a. Let g = 2 + 0. Suppose 18 = l + s, -g*l = -4*l + s + 24. What is the remainder when l is divided by n?
6
Suppose 3*o + 5*v = o + 19, -2*v + 62 = 4*o. What is the remainder when o is divided by 7?
3
Suppose 4*s = 2*s + p + 51, 4*s + 5*p = 109. Calculate the remainder when 101 is divided by s.
23
Let w be 2 - (-1 - (-1)/1). Suppose -3*g + 2 = 2*n, 10 = w*n - 2*g - 2. What is the remainder when 5 is divided by n?
1
Calculate the remainder when 124 is divided by (14/6)/(16/288).
40
Suppose 5*u = 6*u - 10. Calculate the remainder when 39 is divided by u.
9
Let j = -38 + 56. Suppose -50 = -5*b + 10. Calculate the remainder when j is divided by (b/15)/(4/50).
8
Let j be (-7 - -7)/(1*3). Suppose 5*b - 14 - 31 = j. What is the remainder when b is divided by 5?
4
Let m(s) = -2 + 2 - 3*s + 1 + 2*s**2 + s**3. Let v be m(2). Suppose 2*g - 51 = v. Calculate the remainder when g is divided by 11.
9
Suppose -q + 2*z = -71 - 12, -q - z + 71 = 0. Let i = 33 - q. Let p = -20 - i. W